5). Let k = 22 + x. Determine f(k).
-4
Let l(w) = 2*w. Let v(k) = -k. Let r(f) = 6*l(f) + 11*v(f). Calculate r(-1).
-1
Let f(h) = -18*h**2 + 8*h**2 - 8*h - 2 + 11*h**2. Determine f(9).
7
Let p(h) be the third derivative of h**5/20 - h**4/24 + h**3/6 + h**2. Give p(2).
11
Let v = -3 + 6. Let m(b) = -v*b - b**2 + 2 - 3 + 4*b. What is m(2)?
-3
Let w = 0 - 0. Let r = -18 + 13. Let j(y) = 5*y**2. Let o(n) = -4*n**2. Let i(d) = r*j(d) - 6*o(d). What is i(w)?
0
Let d(o) = o**2 - 11 + o**3 - 12*o**2 + 12*o - o**2 + 5. Let z be d(11). Let k(c) = -c**3 + 6*c**2 - 6*c + 1. Calculate k(z).
-4
Let h(z) = z**2 + 6*z - 5. Let t be h(-6). Let v = t + 10. Let b(w) = -2*w + 6. Determine b(v).
-4
Suppose -5*m - 8 = -4*m + z, -8 = 2*z. Let d(f) = f**2 + 5*f - 1. Determine d(m).
-5
Let h(l) = -2*l**2 + 5*l - 3. Let i be (0 - (-4)/6)*3. Let c(t) = t**3 - 2*t**2 + t + 1. Let b be c(i). Determine h(b).
-6
Suppose 3*j - 5*j - b + 5 = 0, 0 = j + 3*b + 10. Let h(p) = p**2 + 4*p + 1. Let y(q) = -5*q**2 - 17*q - 3. Let v(g) = 9*h(g) + 2*y(g). Give v(j).
-12
Let w(d) be the second derivative of d**5/20 - d**4/12 - d**3/2 - d**2/2 - 37*d. Determine w(-2).
-7
Let s = 2 - -1. Let z(i) = -4 + i**2 + 4*i**2 + 0*i**3 - 4*i**2 - i**s. Calculate z(0).
-4
Let w = 19 - 14. Let u(z) be the second derivative of 1/2*z**4 - 2/3*z**3 + 0 + 3/2*z**2 + 2*z - 1/20*z**5. What is u(w)?
8
Let m be (-3 + 3)/(-2 + 3). Let a = -1 - m. Let l(s) = 6*s**2 + 1. What is l(a)?
7
Let c(s) = 1. Let v(y) = y + 6. Let z(k) = 6*c(k) - v(k). Let p = -2 + 4. Calculate z(p).
-2
Let m = -9 + 21. Let s be (-9)/m - 51/12. Let p(a) = a**3 + 4*a**2 - 4*a - 2. Calculate p(s).
-7
Let s(k) = k**2 + k + 1. Suppose 4*o - 4*z = 8, -z - z - 4 = o. Suppose -p = -o*p + 1. Determine s(p).
1
Let a(x) = 4*x**3 + 3*x**2 + x + 1. Let j(v) = -9*v**3 - 7*v**2 - 2*v - 2. Let n(q) = -5*a(q) - 2*j(q). Calculate n(-1).
1
Let q(o) = -4*o**3 - 2*o**2 + 2*o - 8. Let d(z) = -9*z**3 - 5*z**2 + 5*z - 16. Let t(r) = -3*d(r) + 7*q(r). Determine t(0).
-8
Let r(o) = -o**3 - 5*o**2 - 5*o + 1. Let c = 13 + -17. Calculate r(c).
5
Let z(n) be the third derivative of 2*n**2 + 0*n - 1/12*n**4 - 1/3*n**3 + 0. Let t = 1 + -3. What is z(t)?
2
Suppose -2*y + 43 - 35 = 0. Let v(s) be the first derivative of -3 + 1/4*s**4 + y*s - s**3 - 3*s**2. What is v(4)?
-4
Let j(g) = -3*g**3 + 3*g**2 - 2*g - 2. Let q(h) = -h - 22. Let c be q(-24). What is j(c)?
-18
Let b(n) be the first derivative of 4/3*n**3 - 1 - 2*n**2 + 2*n. Let r be 16/7 - (-4)/(-14). Determine b(r).
10
Let r be 12/(-8) - 2/(-4). Let d(a) be the first derivative of a**6/90 + a**5/60 + a**4/24 + a**3/3 - 1. Let u(f) be the third derivative of d(f). Give u(r).
3
Let z(s) = -2*s**2 + s**3 - 3*s**2 + s + 4*s**2. Give z(2).
6
Let w(i) = i**2 + i - 10. Let n be w(-6). Let q = -23 + n. Let y(d) = d**3 + 3*d**2 + d - 3. Determine y(q).
-6
Let u(l) = l**2 + 9*l - 6. Let t(k) = k**2 + 10*k - 7. Let s(q) = 4*t(q) - 5*u(q). Let x(i) = i + 2. Let f = -4 + -2. Let n be x(f). Give s(n).
6
Let y(r) = 3*r. Let o(j) = -j**2 + 2*j + 4. Let f be o(-2). Calculate y(f).
-12
Let g(s) = -s - 13. Let b(l) = l**3 - l**2 + l - 1. Let f be b(1). Suppose 0 = -f*w - 2*w. Suppose o - a - 2 = -7, -4*o - a - 25 = w. Calculate g(o).
-7
Let r = -8 + 20. Suppose -3*a + 0*a + r = 0. Let f(w) = -w**3 - w + 2*w**3 - 2*w + 5 - 4*w**2. Determine f(a).
-7
Let v(r) = 37 - 18 + r - 19. Let y(w) = -5*w**2 + 46*w + 9. Let m(t) = t**2 - 9*t - 2. Let i(z) = 11*m(z) + 2*y(z). Let a be i(8). Determine v(a).
4
Let l(r) = 2 - 1 - 5 + r**2. Let a be 9/21 - 12/28. Give l(a).
-4
Suppose q = -2*j + 6*j + 19, 5*q + 5*j = 20. Let g(u) = 0 - 2*u + 0 - u**2 - 1 - q*u**2. Let n = -2 - -1. What is g(n)?
-7
Let d = 13 + -19. Let v(l) = -l - 8. Give v(d).
-2
Let h(l) = -l**2 - 6*l - 4. Let u(o) = 5*o**3 - 4*o**2 - o + 6. Let a(q) = -q**3 - 1. Let c(i) = 6*a(i) + u(i). Let j be c(-3). Determine h(j).
-4
Let t(l) = -3*l + 32 - 32. Let h = 2 + 3. Determine t(h).
-15
Let g(z) = -8 + 4 - 4 - 2*z - 7. Determine g(-10).
5
Let u = -19 + 21. Let t be (3 - 4)/u*-4. Let d(q) = 3*q**2 - 2*q + 2. What is d(t)?
10
Let w(l) = 7*l - 2. Let c(k) = 34*k - 10. Let x be 3/(-2*(-3)/6). Let q(g) = x*c(g) - 14*w(g). Let d be (-46)/(-14) + (-2)/7. Calculate q(d).
10
Let z(y) = -4*y - 20. Let i be z(-6). Let v(k) = -k - 1. Give v(i).
-5
Suppose -2*y = c - 10 - 13, 4*c - 47 = -3*y. Suppose 8 = -d - 5*g + 19, 0 = -3*d - 3*g + y. Let q(s) = -4 + 6 - 3*s + d. Give q(3).
-6
Let n(q) = q - 1. Let g = -8 - -13. Suppose -y + g = -0*y. Suppose p - 1 = -5*l - 2, 0 = 2*p + 3*l - y. Give n(p).
3
Let a(f) = -f**3 - 3 + 4*f**2 - 1 + 8*f - 5*f - 1. Suppose 2*l - 23 = -3*q, 5*l - 6*q - 69 = -2*q. Let j = l - 9. What is a(j)?
7
Let k(i) = 7 - i**2 + 53*i - 43*i - 17. Calculate k(8).
6
Let g(m) be the second derivative of m**3/3 - 3*m**2 - 4*m - 12. Let l = -8 + 13. What is g(l)?
4
Let y(n) = 0*n**2 - n**2 - 1 - n**3 - 5*n + 8*n**2. Let q(j) = -2*j + 6. Let d be q(-3). Suppose -2*i = -4*i + d. What is y(i)?
5
Let f(a) = -11*a + 7 - 4*a - 6*a + 22*a. Suppose h + 0*h + 8 = 0. Give f(h).
-1
Let j(a) be the first derivative of 11*a**4/4 + 2*a**3/3 + a**2 + a + 8. What is j(-1)?
-10
Let y(z) be the third derivative of z**8/6720 + z**7/840 + z**5/40 - z**4/8 - 7*z**2. Let n(a) be the second derivative of y(a). Calculate n(-4).
-13
Suppose -7 = -5*k - 17. Let g(h) be the first derivative of 1/4*h**4 + h**3 - 2*h + 0*h**2 - 1. Determine g(k).
2
Let r(m) = m**3 + m**2 - m. Let q(z) = 5*z**2 - 6*z + 1. Let g(c) = q(c) + r(c). Determine g(-7).
1
Let i(g) = 4*g**2 + g - 1. Let b(z) = 3*z**2 - 1. Suppose -9 = -2*y + 5*y. Let j(r) = y*b(r) + 2*i(r). Give j(-2).
-7
Let a(p) = -p**2 + 4*p + 5. Suppose 3*u - 14 = 2*b + 2, -3*u - b = -10. Calculate a(u).
5
Suppose 0 = -6*c + 2*c. Suppose -w = -2 - 0. Let m(n) = c*n - 3*n + w*n + 6. Calculate m(5).
1
Let w(i) = 7*i + 4. Let v(q) = -5*q + 11. Let z be v(3). What is w(z)?
-24
Suppose -5*k + 8*r - 4*r - 41 = 0, 30 = -2*k + 5*r. Let i(w) = 20*w + 15. Let x(l) = 7*l + 5. Let s(a) = 6*i(a) - 17*x(a). Give s(k).
0
Let b(m) = 3*m**3 - 25*m + 0 - 3 + m**2 + 22*m. Calculate b(-2).
-17
Let g be ((-1)/1)/(3/12). Let w(m) = 3*m + 5. What is w(g)?
-7
Let v(t) = 4*t**3 + t**2 + t + 1. Let n(l) = l**3 + 8*l**2 + l + 7. Let j be n(-8). Let i be (j + 3)*2/(-4). Give v(i).
-3
Let t(w) = w**3 + 4. Let g(z) = -z**2 + z - 2. Let o(r) = -g(r) + t(r). Determine o(0).
6
Let u(z) = 2*z + 5. Let s(p) = -3*p**2 + 3*p + 1. Let c(i) = -4*i**2 + 2*i + 1. Let y(d) = -4*c(d) + 5*s(d). Let x be y(-6). Give u(x).
-5
Let x(y) = -y**3 + 2*y**2 - y + 8. Let r be x(2). Let c(b) = 2*b - 6*b**2 + b**3 + 4*b**3 - 7 - 4*b**3. Give c(r).
5
Suppose 0 = -4*f - 4*x - 12, -x = 3*f - 0*x - 1. Let p(b) = 3*b**2 + 5*b - 6. Let q(l) = -4*l**2 - 5*l + 7. Let i(y) = 5*p(y) + 4*q(y). Calculate i(f).
4
Let o(t) be the first derivative of t**3/3 - 5*t**2/2 + t + 1. Suppose -464 = -8*g - 424. Calculate o(g).
1
Let h(y) = 2*y**3 + 3*y**2. Suppose 6 = -5*w - 14. Let z be w/16 + (-42)/(-8). Suppose -p + 8 = -z*p. Calculate h(p).
-4
Let c(g) = g**3 - 4*g**2 - 7*g + 4. Let o = -12 + 15. Let x be (-3 - -2) + o*2. Give c(x).
-6
Suppose 1 - 5 = 2*g. Let t(l) be the third derivative of -l**5/20 - l**4/24 - l**3/6 - 10*l**2. Give t(g).
-11
Let t(u) = 2*u**3 - u**2 + u + 1. Let w(z) = -z**2 - 4*z + 1. Let q be w(-3). Suppose 5*l - 16 - q = 0. Suppose -x + l = -5*x. Determine t(x).
-3
Let s(n) = n**2 - 3*n - 4. Let x be 4/2 + 1 + -9 + 10. Calculate s(x).
0
Let g(c) = -10*c**2. Suppose 3*k - 3*y = -y + 7, 5*y + 20 = 5*k. What is g(k)?
-10
Let f(q) be the third derivative of -q**4/24 - 7*q**3/6 + 90*q**2. Let s = -10 + 4. Give f(s).
-1
Let i(v) = 6*v**2 + 7*v - 6. Let y(l) = -7*l**2 - 8*l + 7. Let z = -6 - -11. Let n(h) = z*y(h) + 6*i(h). Let p be n(-2). Let f(g) = -2*g**3 - 1. Calculate f(p).
1
Let c(v) = 3*v - 10. Suppose 38 = 4*y + 2*m + 3*m, 0 = -4*y - 3*m + 34. What is c(y)?
11
Let g(i) = 3*i + 6 - 4*i - 7 + 3*i. Calculate g(6).
11
Let i(v) = v**3 + 6*v**2 - 7*v - 7. Let a be 141/(-21) + 2/(-7). Give i(a).
-7
Let t(l) = -16*l**2 + 6. Let x(z) = 3*z**2 - 1. Let u(k) = -2*t(k) - 11*x(k). Suppose 5*s + 3 = -2*w, w = -0*s + s - 5. Calculate u(s).
-2
Let c(q) = 5*q + 19. Let l be c(-4). Let z(o) = -2*o - 1. Determine z(l).
1
Let s(p) b